inder when 194 is divided by 49.
47
Calculate the remainder when 48 is divided by 20.
8
Calculate the remainder when 195 is divided by 20.
15
What is the remainder when 827 is divided by 36?
35
What is the remainder when 195 is divided by 70?
55
Calculate the remainder when 35276 is divided by 28.
24
Calculate the remainder when 665 is divided by 18.
17
Calculate the remainder when 296 is divided by 25.
21
Calculate the remainder when 72 is divided by 22.
6
Calculate the remainder when 905 is divided by 246.
167
What is the remainder when 508 is divided by 129?
121
Calculate the remainder when 130 is divided by 76.
54
Calculate the remainder when 386 is divided by 101.
83
What is the remainder when 348 is divided by 21?
12
What is the remainder when 3193 is divided by 71?
69
Calculate the remainder when 254 is divided by 234.
20
Calculate the remainder when 285 is divided by 58.
53
What is the remainder when 119 is divided by 60?
59
What is the remainder when 558 is divided by 139?
2
What is the remainder when 385 is divided by 51?
28
Calculate the remainder when 28 is divided by 6.
4
What is the remainder when 111 is divided by 34?
9
What is the remainder when 49 is divided by 24?
1
What is the remainder when 38 is divided by 7?
3
What is the remainder when 772 is divided by 260?
252
Calculate the remainder when 39 is divided by 6.
3
Calculate the remainder when 526 is divided by 66.
64
Calculate the remainder when 222 is divided by 46.
38
Calculate the remainder when 152 is divided by 44.
20
What is the remainder when 57 is divided by 10?
7
Calculate the remainder when 789 is divided by 12.
9
What is the remainder when 78 is divided by 28?
22
Calculate the remainder when 125 is divided by 10.
5
Calculate the remainder when 33 is divided by 13.
7
What is the remainder when 13437 is divided by 105?
102
What is the remainder when 70 is divided by 33?
4
What is the remainder when 549 is divided by 22?
21
What is the remainder when 139 is divided by 56?
27
What is the remainder when 2118 is divided by 24?
6
What is the remainder when 1383 is divided by 457?
12
Calculate the remainder when 170 is divided by 34.
0
What is the remainder when 10058 is divided by 20?
18
What is the remainder when 875 is divided by 10?
5
Calculate the remainder when 214 is divided by 70.
4
Calculate the remainder when 4116 is divided by 47.
27
What is the remainder when 456 is divided by 51?
48
Calculate the remainder when 3896 is divided by 1922.
52
Calculate the remainder when 349 is divided by 10.
9
Calculate the remainder when 118 is divided by 46.
26
Calculate the remainder when 434 is divided by 73.
69
Calculate the remainder when 686 is divided by 53.
50
What is the remainder when 8710 is divided by 12?
10
Calculate the remainder when 295 is divided by 99.
97
Calculate the remainder when 206 is divided by 21.
17
What is the remainder when 725 is divided by 13?
10
What is the remainder when 600 is divided by 228?
144
Calculate the remainder when 583 is divided by 143.
11
What is the remainder when 2183 is divided by 26?
25
Calculate the remainder when 1481 is divided by 38.
37
What is the remainder when 82 is divided by 6?
4
Calculate the remainder when 78 is divided by 28.
22
Calculate the remainder when 1191 is divided by 4.
3
Calculate the remainder when 1048 is divided by 21.
19
What is the remainder when 13732 is divided by 41?
38
Calculate the remainder when 180 is divided by 57.
9
Calculate the remainder when 134 is divided by 14.
8
Calculate the remainder when 671 is divided by 220.
11
Calculate the remainder when 33 is divided by 3.
0
Calculate the remainder when 58 is divided by 23.
12
Calculate the remainder when 690 is divided by 33.
30
Calculate the remainder when 1007 is divided by 44.
39
Calculate the remainder when 486 is divided by 49.
45
What is the remainder when 797 is divided by 89?
85
Calculate the remainder when 353 is divided by 24.
17
Calculate the remainder when 388 is divided by 22.
14
Calculate the remainder when 5563 is divided by 23.
20
What is the remainder when 555 is divided by 62?
59
What is the remainder when 1316 is divided by 52?
16
Calculate the remainder when 205 is divided by 53.
46
What is the remainder when 25 is divided by 12?
1
What is the remainder when 1535 is divided by 14?
9
What is the remainder when 299 is divided by 76?
71
Calculate the remainder when 243 is divided by 88.
67
Calculate the remainder when 5016 is divided by 279.
273
What is the remainder when 73 is divided by 5?
3
What is the remainder when 508 is divided by 134?
106
Calculate the remainder when 223 is divided by 56.
55
Calculate the remainder when 845 is divided by 160.
45
Calculate the remainder when 128 is divided by 63.
2
What is the remainder when 94 is divided by 42?
10
What is the remainder when 99 is divided by 41?
17
What is the remainder when 1857 is divided by 3?
0
Calculate the remainder when 185 is divided by 11.
9
What is the remainder when 32 is divided by 2?
0
What is the remainder when 5275 is divided by 88?
83
Calculate the remainder when 15519 is divided by 19.
15
Calculate the remainder when 1034 is divided by 178.
144
Calculate the remainder when 169 is divided by 117.
52
What is the remainder when 331 is divided by 85?
76
What is the remainder when 222 is divided by 92?
38
Calculate the remainder when 298 is divided by 43.
40
Calculate the remainder when 2199 is divided by 88.
87
Calculate the remainder when 79 is divided by 41.
38
What is the remainder when 602 is divided by 34?
24
Calculate the remainder when 275 is divided by 20.
15
What is the remainder when 261 is divided by 44?
41
Calculate the remainder when 411 is divided by 110.
81
Calculate the remainder when 224 is divided by 62.
38
Calculate the remainder when 316 is divided by 108.
100
Calculate the remainder when 301 is divided by 173.
128
What is the remainder when 100 is divided by 89?
11
What is the remainder when 86 is divided by 18?
14
What is the remainder when 33 is divided by 12?
9
What is the remainder when 390 is divided by 17?
16
What is the remainder when 145 is divided by 50?
45
Calculate the remainder when 798 is divided by 79.
8
What is the remainder when 691 is divided by 37?
25
Calculate the remainder when 137 is divided by 38.
23
What is the remainder when 2764 is divided by 459?
10
Calculate the remainder when 4140 is divided by 38.
36
Calculate the remainder when 305 is divided by 78.
71
Calculate the remainder when 919 is divided by 23.
22
Calculate the remainder when 173 is divided by 19.
2
Calculate the remainder when 224 is divided by 5.
4
Calculate the remainder when 440 is divided by 3.
2
What is the remainder when 47 is divided by 12?
11
Calculate the remainder when 453 is divided by 11.
2
What is the remainder when 309 is divided by 82?
63
What is the remainder when 1094 is divided by 311?
161
Calculate the remainder when 31 is divided by 9.
4
Calculate the remainder when 232 is divided by 138.
94
What is the remainder when 78 is divided by 12?
6
What is the remainder when 4703 is divided by 30?
23
What is the remainder when 164 is divided by 11?
10
What is the remainder when 738 is divided by 25?
13
Calculate the remainder when 289 is divided by 98.
93
What is the remainder when 241 is divided by 49?
45
Calculate the remainder when 730 is divided by 50.
30
Calculate the remainder when 8144 is divided by 35.
24
What is the remainder when 2811 is divided by 32?
27
What is the remainder when 321 is divided by 161?
160
Calculate the remainder when 1156 is divided by 385.
1
Calculate the remainder when 277 is divided by 48.
37
What is the remainder when 127 is divided by 19?
13
What is the remainder when 32 is divided by 4?
0
Calculate the remainder when 232 is divided by 156.
76
Calculate the remainder when 710 is divided by 183.
161
What is the remainder when 159 is divided by 70?
19
What is the remainder when 1070 is divided by 109?
89
What is the remainder when 287 is divided by 106?
75
Calculate the remainder when 219 is divided by 16.
11
Calculate the remainder when 516 is divided by 40.
36
What is the remainder when 37266 is divided by 77?
75
What is the remainder when 5454 is divided by 2725?
4
What is the remainder when 104 